{"id":33899,"date":"2025-11-05T16:15:29","date_gmt":"2025-11-05T15:15:29","guid":{"rendered":"https:\/\/www.eninter.com\/producto\/compatto\/"},"modified":"2026-01-12T10:31:37","modified_gmt":"2026-01-12T09:31:37","slug":"compatto","status":"publish","type":"producto","link":"https:\/\/www.eninter.com\/it-ch\/producto\/compatto\/","title":{"rendered":"COMPACT"},"content":{"rendered":"","protected":false},"excerpt":{"rendered":"<p>Se la vostra cabina \u00e8 un modello lento e modulare, questa cabina \u00e8 quella che fa al caso vostro. \u00c8 ideale per spazi piccoli e ristretti con poco traffico pedonale. Se avete un ascensore all&#8217;interno della vostra abitazione privata, avete bisogno di uno di questi nuovi modelli.   <\/p>\n","protected":false},"featured_media":12134,"template":"","categories":[],"categoria-productos":[477],"class_list":["post-33899","producto","type-producto","status-publish","has-post-thumbnail","hentry","categoria-productos-cabine"],"acf":[],"_yoast_wpseo_focuskw":null,"_yoast_wpseo_metadesc":null,"yoast_head":"<!-- This site is optimized with the Yoast SEO Premium plugin v21.6 (Yoast SEO v27.5) - https:\/\/yoast.com\/product\/yoast-seo-premium-wordpress\/ -->\n<title>COMPACT - ENINTER<\/title>\n<meta name=\"robots\" content=\"index, follow, max-snippet:-1, max-image-preview:large, max-video-preview:-1\" \/>\n<link rel=\"canonical\" href=\"https:\/\/www.eninter.com\/it-ch\/producto\/compatto\/\" \/>\n<meta property=\"og:locale\" content=\"it_IT\" \/>\n<meta property=\"og:type\" content=\"article\" \/>\n<meta property=\"og:title\" content=\"COMPACT\" \/>\n<meta property=\"og:description\" content=\"Se la vostra cabina \u00e8 un modello lento e modulare, questa cabina \u00e8 quella che fa al caso vostro. \u00c8 ideale per spazi piccoli e ristretti con poco traffico pedonale. Se avete un ascensore all&#039;interno della vostra abitazione privata, avete bisogno di uno di questi nuovi modelli.\" \/>\n<meta property=\"og:url\" content=\"https:\/\/www.eninter.com\/it-ch\/producto\/compatto\/\" \/>\n<meta property=\"og:site_name\" content=\"ENINTER\" \/>\n<meta property=\"article:publisher\" content=\"https:\/\/www.facebook.com\/EninterAscensores\" \/>\n<meta property=\"article:modified_time\" content=\"2026-01-12T09:31:37+00:00\" \/>\n<meta property=\"og:image\" content=\"https:\/\/www.eninter.com\/wp-content\/uploads\/2025\/09\/COMPACTLIFT-CH.jpg\" \/>\n\t<meta property=\"og:image:width\" content=\"1240\" \/>\n\t<meta property=\"og:image:height\" content=\"800\" \/>\n\t<meta property=\"og:image:type\" content=\"image\/jpeg\" \/>\n<meta name=\"twitter:card\" content=\"summary_large_image\" \/>\n<meta name=\"twitter:site\" content=\"@Eninter\" \/>\n<!-- \/ Yoast SEO Premium plugin. -->","yoast_head_json":{"title":"COMPACT - ENINTER","robots":{"index":"index","follow":"follow","max-snippet":"max-snippet:-1","max-image-preview":"max-image-preview:large","max-video-preview":"max-video-preview:-1"},"canonical":"https:\/\/www.eninter.com\/it-ch\/producto\/compatto\/","og_locale":"it_IT","og_type":"article","og_title":"COMPACT","og_description":"Se la vostra cabina \u00e8 un modello lento e modulare, questa cabina \u00e8 quella che fa al caso vostro. \u00c8 ideale per spazi piccoli e ristretti con poco traffico pedonale. Se avete un ascensore all'interno della vostra abitazione privata, avete bisogno di uno di questi nuovi modelli.","og_url":"https:\/\/www.eninter.com\/it-ch\/producto\/compatto\/","og_site_name":"ENINTER","article_publisher":"https:\/\/www.facebook.com\/EninterAscensores","article_modified_time":"2026-01-12T09:31:37+00:00","og_image":[{"width":1240,"height":800,"url":"https:\/\/www.eninter.com\/wp-content\/uploads\/2025\/09\/COMPACTLIFT-CH.jpg","type":"image\/jpeg"}],"twitter_card":"summary_large_image","twitter_site":"@Eninter","schema":{"@context":"https:\/\/schema.org","@graph":[{"@type":"WebPage","@id":"https:\/\/www.eninter.com\/it-ch\/producto\/compatto\/","url":"https:\/\/www.eninter.com\/it-ch\/producto\/compatto\/","name":"COMPACT - ENINTER","isPartOf":{"@id":"https:\/\/www.eninter.com\/it-ch\/#website"},"primaryImageOfPage":{"@id":"https:\/\/www.eninter.com\/it-ch\/producto\/compatto\/#primaryimage"},"image":{"@id":"https:\/\/www.eninter.com\/it-ch\/producto\/compatto\/#primaryimage"},"thumbnailUrl":"https:\/\/www.eninter.com\/wp-content\/uploads\/2025\/09\/COMPACTLIFT-CH.jpg","datePublished":"2025-11-05T15:15:29+00:00","dateModified":"2026-01-12T09:31:37+00:00","breadcrumb":{"@id":"https:\/\/www.eninter.com\/it-ch\/producto\/compatto\/#breadcrumb"},"inLanguage":"it-CH","potentialAction":[{"@type":"ReadAction","target":["https:\/\/www.eninter.com\/it-ch\/producto\/compatto\/"]}]},{"@type":"ImageObject","inLanguage":"it-CH","@id":"https:\/\/www.eninter.com\/it-ch\/producto\/compatto\/#primaryimage","url":"https:\/\/www.eninter.com\/wp-content\/uploads\/2025\/09\/COMPACTLIFT-CH.jpg","contentUrl":"https:\/\/www.eninter.com\/wp-content\/uploads\/2025\/09\/COMPACTLIFT-CH.jpg","width":1240,"height":800,"caption":"cabina ascensor compact"},{"@type":"BreadcrumbList","@id":"https:\/\/www.eninter.com\/it-ch\/producto\/compatto\/#breadcrumb","itemListElement":[{"@type":"ListItem","position":1,"name":"Portada","item":"https:\/\/www.eninter.com\/it-ch\/"},{"@type":"ListItem","position":2,"name":"COMPACT"}]},{"@type":"WebSite","@id":"https:\/\/www.eninter.com\/it-ch\/#website","url":"https:\/\/www.eninter.com\/it-ch\/","name":"ENINTER","description":"Mantenimiento de Ascensores Multimarca","publisher":{"@id":"https:\/\/www.eninter.com\/it-ch\/#organization"},"potentialAction":[{"@type":"SearchAction","target":{"@type":"EntryPoint","urlTemplate":"https:\/\/www.eninter.com\/it-ch\/?s={search_term_string}"},"query-input":{"@type":"PropertyValueSpecification","valueRequired":true,"valueName":"search_term_string"}}],"inLanguage":"it-CH"},{"@type":"Organization","@id":"https:\/\/www.eninter.com\/it-ch\/#organization","name":"Eniter","url":"https:\/\/www.eninter.com\/it-ch\/","logo":{"@type":"ImageObject","inLanguage":"it-CH","@id":"https:\/\/www.eninter.com\/it-ch\/#\/schema\/logo\/image\/","url":"https:\/\/www.eninter.com\/wp-content\/uploads\/2023\/08\/logo-eninter-png.png","contentUrl":"https:\/\/www.eninter.com\/wp-content\/uploads\/2023\/08\/logo-eninter-png.png","width":600,"height":340,"caption":"Eniter"},"image":{"@id":"https:\/\/www.eninter.com\/it-ch\/#\/schema\/logo\/image\/"},"sameAs":["https:\/\/www.facebook.com\/EninterAscensores","https:\/\/x.com\/Eninter","https:\/\/www.instagram.com\/eninterascensores\/","https:\/\/www.youtube.com\/user\/ascensoreseninter"]}]}},"_links":{"self":[{"href":"https:\/\/www.eninter.com\/it-ch\/wp-json\/wp\/v2\/producto\/33899","targetHints":{"allow":["GET"]}}],"collection":[{"href":"https:\/\/www.eninter.com\/it-ch\/wp-json\/wp\/v2\/producto"}],"about":[{"href":"https:\/\/www.eninter.com\/it-ch\/wp-json\/wp\/v2\/types\/producto"}],"wp:featuredmedia":[{"embeddable":true,"href":"https:\/\/www.eninter.com\/it-ch\/wp-json\/wp\/v2\/media\/12134"}],"wp:attachment":[{"href":"https:\/\/www.eninter.com\/it-ch\/wp-json\/wp\/v2\/media?parent=33899"}],"wp:term":[{"taxonomy":"category","embeddable":true,"href":"https:\/\/www.eninter.com\/it-ch\/wp-json\/wp\/v2\/categories?post=33899"},{"taxonomy":"categoria-productos","embeddable":true,"href":"https:\/\/www.eninter.com\/it-ch\/wp-json\/wp\/v2\/categoria-productos?post=33899"}],"curies":[{"name":"wp","href":"https:\/\/api.w.org\/{rel}","templated":true}]}}

<p>Se la vostra cabina è un modello lento e modulare, questa cabina è quella che fa al caso vostro. È ideale per spazi piccoli e ristretti con poco traffico pedonale. Se avete un ascensore all&#8217;interno della vostra abitazione privata, avete bisogno di uno di questi nuovi modelli.   </p>

<!-- This site is optimized with the Yoast SEO Premium plugin v21.6 (Yoast SEO v27.5) - https://yoast.com/product/yoast-seo-premium-wordpress/ -->
<title>COMPACT - ENINTER</title>
<meta name="robots" content="index, follow, max-snippet:-1, max-image-preview:large, max-video-preview:-1" />
<link rel="canonical" href="https://www.eninter.com/it-ch/producto/compatto/" />
<meta property="og:locale" content="it_IT" />
<meta property="og:type" content="article" />
<meta property="og:title" content="COMPACT" />
<meta property="og:description" content="Se la vostra cabina è un modello lento e modulare, questa cabina è quella che fa al caso vostro. È ideale per spazi piccoli e ristretti con poco traffico pedonale. Se avete un ascensore all&#039;interno della vostra abitazione privata, avete bisogno di uno di questi nuovi modelli." />
<meta property="og:url" content="https://www.eninter.com/it-ch/producto/compatto/" />
<meta property="og:site_name" content="ENINTER" />
<meta property="article:publisher" content="https://www.facebook.com/EninterAscensores" />
<meta property="article:modified_time" content="2026-01-12T09:31:37+00:00" />
<meta property="og:image" content="https://www.eninter.com/wp-content/uploads/2025/09/COMPACTLIFT-CH.jpg" />
	<meta property="og:image:width" content="1240" />
	<meta property="og:image:height" content="800" />
	<meta property="og:image:type" content="image/jpeg" />
<meta name="twitter:card" content="summary_large_image" />
<meta name="twitter:site" content="@Eninter" />
<!-- / Yoast SEO Premium plugin. -->

Se la vostra cabina è un modello lento e modulare, questa cabina è quella che fa al caso vostro. È ideale per spazi piccoli e ristretti con poco traffico pedonale. Se avete un ascensore all'interno della vostra abitazione privata, avete bisogno di uno di questi nuovi modelli.
