{"id":34096,"date":"2025-10-28T12:02:51","date_gmt":"2025-10-28T11:02:51","guid":{"rendered":"https:\/\/www.eninter.com\/producto\/portas-basculantes\/"},"modified":"2025-12-15T12:26:23","modified_gmt":"2025-12-15T11:26:23","slug":"portas-basculantes","status":"publish","type":"producto","link":"https:\/\/www.eninter.com\/pt-pt\/producto\/portas-basculantes\/","title":{"rendered":"Portas basculantes"},"content":{"rendered":"\n<h2 class=\"wp-block-heading\" id=\"h-puertas-basculantes-seguridad-y-comodidad\">Puertas Basculantes: Seguridad y Comodidad<\/h2>\n\n<p>Descubre las <strong>puertas basculantes residenciales<\/strong>, dise\u00f1adas para integrarse elegantemente en tu hogar, con <strong>acabados personalizables<\/strong> y la opci\u00f3n de <strong>peque\u00f1a puerta peatonal<\/strong> para facilitar el paso sin necesidad de abrir toda la hoja. Ambos modelos permiten <g id=\"gid_3\">aparcamientos especiales y espacios reducidos<\/g>, ajust\u00e1ndose a tus necesidades arquitect\u00f3nicas. Las puertas est\u00e1n dise\u00f1adas para <strong>abrirse suavemente<\/strong> mediante un sistema de <strong>bisagras y contrapesos o resortes<\/strong>, optimizando el espacio y ofreciendo un funcionamiento c\u00f3modo y seguro.  <\/p>\n\n<p>Los <strong>asientos y apoyos<\/strong> (en el caso de puertas con puerta peatonal) son <strong>plegables manualmente<\/strong>, mientras que la <strong>hoja principal se eleva sin esfuerzo<\/strong>. Estas puertas soportan <g id=\"gid_3\">cargas de uso habituales<\/g> de forma segura e incluyen sistemas de <g id=\"gid_4\">protecci\u00f3n contra golpes, atrapamientos y colisiones<\/g>. Su operaci\u00f3n es <strong>sencilla y confiable<\/strong>, garantizando un movimiento fluido y seguro que combina <strong>practicidad, comodidad y est\u00e9tica<\/strong> para tu hogar.  <\/p>\n\n<p><\/p>\n","protected":false},"excerpt":{"rendered":"<p>Portas de abertura vertical que combinam funcionalidade, fiabilidade e economia de espa\u00e7o. S\u00e3o a op\u00e7\u00e3o mais utilizada em garagens particulares. Na Eninter oferecemos solu\u00e7\u00f5es basculantes manuais e automatizadas, adaptadas a todo o tipo de necessidades.  <\/p>\n","protected":false},"featured_media":34095,"template":"","categories":[488],"categoria-productos":[487],"class_list":["post-34096","producto","type-producto","status-publish","has-post-thumbnail","hentry","category-portas-automaticas","categoria-productos-portas-automaticas"],"acf":[],"_yoast_wpseo_focuskw":null,"_yoast_wpseo_metadesc":null,"yoast_head":"<!-- This site is optimized with the Yoast SEO Premium plugin v21.6 (Yoast SEO v27.2) - https:\/\/yoast.com\/product\/yoast-seo-premium-wordpress\/ -->\n<title>Portas basculantes - ENINTER<\/title>\n<meta name=\"robots\" content=\"index, follow, max-snippet:-1, max-image-preview:large, max-video-preview:-1\" \/>\n<link rel=\"canonical\" href=\"https:\/\/www.eninter.com\/pt-pt\/producto\/portas-basculantes\/\" \/>\n<meta property=\"og:locale\" content=\"pt_PT\" \/>\n<meta property=\"og:type\" content=\"article\" \/>\n<meta property=\"og:title\" content=\"Portas basculantes\" \/>\n<meta property=\"og:description\" content=\"Portas de abertura vertical que combinam funcionalidade, fiabilidade e economia de espa\u00e7o. S\u00e3o a op\u00e7\u00e3o mais utilizada em garagens particulares. Na Eninter oferecemos solu\u00e7\u00f5es basculantes manuais e automatizadas, adaptadas a todo o tipo de necessidades.\" \/>\n<meta property=\"og:url\" content=\"https:\/\/www.eninter.com\/pt-pt\/producto\/portas-basculantes\/\" \/>\n<meta property=\"og:site_name\" content=\"ENINTER\" \/>\n<meta property=\"article:publisher\" content=\"https:\/\/www.facebook.com\/EninterAscensores\" \/>\n<meta property=\"article:modified_time\" content=\"2025-12-15T11:26:23+00:00\" \/>\n<meta property=\"og:image\" content=\"https:\/\/www.eninter.com\/wp-content\/uploads\/2025\/10\/Basculante_PuertasGaraje.webp\" \/>\n\t<meta property=\"og:image:width\" content=\"1200\" \/>\n\t<meta property=\"og:image:height\" content=\"948\" \/>\n\t<meta property=\"og:image:type\" content=\"image\/webp\" \/>\n<meta name=\"twitter:card\" content=\"summary_large_image\" \/>\n<meta name=\"twitter:site\" content=\"@Eninter\" \/>\n<meta name=\"twitter:label1\" content=\"Tempo estimado de leitura\" \/>\n\t<meta name=\"twitter:data1\" content=\"1 minuto\" \/>\n<!-- \/ Yoast SEO Premium plugin. -->","yoast_head_json":{"title":"Portas basculantes - ENINTER","robots":{"index":"index","follow":"follow","max-snippet":"max-snippet:-1","max-image-preview":"max-image-preview:large","max-video-preview":"max-video-preview:-1"},"canonical":"https:\/\/www.eninter.com\/pt-pt\/producto\/portas-basculantes\/","og_locale":"pt_PT","og_type":"article","og_title":"Portas basculantes","og_description":"Portas de abertura vertical que combinam funcionalidade, fiabilidade e economia de espa\u00e7o. S\u00e3o a op\u00e7\u00e3o mais utilizada em garagens particulares. Na Eninter oferecemos solu\u00e7\u00f5es basculantes manuais e automatizadas, adaptadas a todo o tipo de necessidades.","og_url":"https:\/\/www.eninter.com\/pt-pt\/producto\/portas-basculantes\/","og_site_name":"ENINTER","article_publisher":"https:\/\/www.facebook.com\/EninterAscensores","article_modified_time":"2025-12-15T11:26:23+00:00","og_image":[{"width":1200,"height":948,"url":"https:\/\/www.eninter.com\/wp-content\/uploads\/2025\/10\/Basculante_PuertasGaraje.webp","type":"image\/webp"}],"twitter_card":"summary_large_image","twitter_site":"@Eninter","twitter_misc":{"Tempo estimado de leitura":"1 minuto"},"schema":{"@context":"https:\/\/schema.org","@graph":[{"@type":"WebPage","@id":"https:\/\/www.eninter.com\/pt-pt\/producto\/portas-basculantes\/","url":"https:\/\/www.eninter.com\/pt-pt\/producto\/portas-basculantes\/","name":"Portas basculantes - ENINTER","isPartOf":{"@id":"https:\/\/www.eninter.com\/pt-pt\/#website"},"primaryImageOfPage":{"@id":"https:\/\/www.eninter.com\/pt-pt\/producto\/portas-basculantes\/#primaryimage"},"image":{"@id":"https:\/\/www.eninter.com\/pt-pt\/producto\/portas-basculantes\/#primaryimage"},"thumbnailUrl":"https:\/\/www.eninter.com\/wp-content\/uploads\/2025\/10\/Basculante_PuertasGaraje.webp","datePublished":"2025-10-28T11:02:51+00:00","dateModified":"2025-12-15T11:26:23+00:00","breadcrumb":{"@id":"https:\/\/www.eninter.com\/pt-pt\/producto\/portas-basculantes\/#breadcrumb"},"inLanguage":"pt-PT","potentialAction":[{"@type":"ReadAction","target":["https:\/\/www.eninter.com\/pt-pt\/producto\/portas-basculantes\/"]}]},{"@type":"ImageObject","inLanguage":"pt-PT","@id":"https:\/\/www.eninter.com\/pt-pt\/producto\/portas-basculantes\/#primaryimage","url":"https:\/\/www.eninter.com\/wp-content\/uploads\/2025\/10\/Basculante_PuertasGaraje.webp","contentUrl":"https:\/\/www.eninter.com\/wp-content\/uploads\/2025\/10\/Basculante_PuertasGaraje.webp","width":1200,"height":948},{"@type":"BreadcrumbList","@id":"https:\/\/www.eninter.com\/pt-pt\/producto\/portas-basculantes\/#breadcrumb","itemListElement":[{"@type":"ListItem","position":1,"name":"Portada","item":"https:\/\/www.eninter.com\/pt-pt\/"},{"@type":"ListItem","position":2,"name":"Portas basculantes"}]},{"@type":"WebSite","@id":"https:\/\/www.eninter.com\/pt-pt\/#website","url":"https:\/\/www.eninter.com\/pt-pt\/","name":"ENINTER","description":"Mantenimiento de Ascensores Multimarca","publisher":{"@id":"https:\/\/www.eninter.com\/pt-pt\/#organization"},"potentialAction":[{"@type":"SearchAction","target":{"@type":"EntryPoint","urlTemplate":"https:\/\/www.eninter.com\/pt-pt\/?s={search_term_string}"},"query-input":{"@type":"PropertyValueSpecification","valueRequired":true,"valueName":"search_term_string"}}],"inLanguage":"pt-PT"},{"@type":"Organization","@id":"https:\/\/www.eninter.com\/pt-pt\/#organization","name":"Eniter","url":"https:\/\/www.eninter.com\/pt-pt\/","logo":{"@type":"ImageObject","inLanguage":"pt-PT","@id":"https:\/\/www.eninter.com\/pt-pt\/#\/schema\/logo\/image\/","url":"https:\/\/www.eninter.com\/wp-content\/uploads\/2023\/08\/logo-eninter-png.png","contentUrl":"https:\/\/www.eninter.com\/wp-content\/uploads\/2023\/08\/logo-eninter-png.png","width":600,"height":340,"caption":"Eniter"},"image":{"@id":"https:\/\/www.eninter.com\/pt-pt\/#\/schema\/logo\/image\/"},"sameAs":["https:\/\/www.facebook.com\/EninterAscensores","https:\/\/x.com\/Eninter","https:\/\/www.instagram.com\/eninterascensores\/","https:\/\/www.youtube.com\/user\/ascensoreseninter"]}]}},"_links":{"self":[{"href":"https:\/\/www.eninter.com\/pt-pt\/wp-json\/wp\/v2\/producto\/34096","targetHints":{"allow":["GET"]}}],"collection":[{"href":"https:\/\/www.eninter.com\/pt-pt\/wp-json\/wp\/v2\/producto"}],"about":[{"href":"https:\/\/www.eninter.com\/pt-pt\/wp-json\/wp\/v2\/types\/producto"}],"wp:featuredmedia":[{"embeddable":true,"href":"https:\/\/www.eninter.com\/pt-pt\/wp-json\/wp\/v2\/media\/34095"}],"wp:attachment":[{"href":"https:\/\/www.eninter.com\/pt-pt\/wp-json\/wp\/v2\/media?parent=34096"}],"wp:term":[{"taxonomy":"category","embeddable":true,"href":"https:\/\/www.eninter.com\/pt-pt\/wp-json\/wp\/v2\/categories?post=34096"},{"taxonomy":"categoria-productos","embeddable":true,"href":"https:\/\/www.eninter.com\/pt-pt\/wp-json\/wp\/v2\/categoria-productos?post=34096"}],"curies":[{"name":"wp","href":"https:\/\/api.w.org\/{rel}","templated":true}]}}

<h2 class="wp-block-heading" id="h-puertas-basculantes-seguridad-y-comodidad">Puertas Basculantes: Seguridad y Comodidad</h2>

<p>Descubre las <strong>puertas basculantes residenciales</strong>, diseñadas para integrarse elegantemente en tu hogar, con <strong>acabados personalizables</strong> y la opción de <strong>pequeña puerta peatonal</strong> para facilitar el paso sin necesidad de abrir toda la hoja. Ambos modelos permiten <g id="gid_3">aparcamientos especiales y espacios reducidos</g>, ajustándose a tus necesidades arquitectónicas. Las puertas están diseñadas para <strong>abrirse suavemente</strong> mediante un sistema de <strong>bisagras y contrapesos o resortes</strong>, optimizando el espacio y ofreciendo un funcionamiento cómodo y seguro.  </p>

<p>Los <strong>asientos y apoyos</strong> (en el caso de puertas con puerta peatonal) son <strong>plegables manualmente</strong>, mientras que la <strong>hoja principal se eleva sin esfuerzo</strong>. Estas puertas soportan <g id="gid_3">cargas de uso habituales</g> de forma segura e incluyen sistemas de <g id="gid_4">protección contra golpes, atrapamientos y colisiones</g>. Su operación es <strong>sencilla y confiable</strong>, garantizando un movimiento fluido y seguro que combina <strong>practicidad, comodidad y estética</strong> para tu hogar.  </p>

<p></p>

<p>Portas de abertura vertical que combinam funcionalidade, fiabilidade e economia de espaço. São a opção mais utilizada em garagens particulares. Na Eninter oferecemos soluções basculantes manuais e automatizadas, adaptadas a todo o tipo de necessidades.  </p>

<!-- This site is optimized with the Yoast SEO Premium plugin v21.6 (Yoast SEO v27.2) - https://yoast.com/product/yoast-seo-premium-wordpress/ -->
<title>Portas basculantes - ENINTER</title>
<meta name="robots" content="index, follow, max-snippet:-1, max-image-preview:large, max-video-preview:-1" />
<link rel="canonical" href="https://www.eninter.com/pt-pt/producto/portas-basculantes/" />
<meta property="og:locale" content="pt_PT" />
<meta property="og:type" content="article" />
<meta property="og:title" content="Portas basculantes" />
<meta property="og:description" content="Portas de abertura vertical que combinam funcionalidade, fiabilidade e economia de espaço. São a opção mais utilizada em garagens particulares. Na Eninter oferecemos soluções basculantes manuais e automatizadas, adaptadas a todo o tipo de necessidades." />
<meta property="og:url" content="https://www.eninter.com/pt-pt/producto/portas-basculantes/" />
<meta property="og:site_name" content="ENINTER" />
<meta property="article:publisher" content="https://www.facebook.com/EninterAscensores" />
<meta property="article:modified_time" content="2025-12-15T11:26:23+00:00" />
<meta property="og:image" content="https://www.eninter.com/wp-content/uploads/2025/10/Basculante_PuertasGaraje.webp" />
	<meta property="og:image:width" content="1200" />
	<meta property="og:image:height" content="948" />
	<meta property="og:image:type" content="image/webp" />
<meta name="twitter:card" content="summary_large_image" />
<meta name="twitter:site" content="@Eninter" />
<meta name="twitter:label1" content="Tempo estimado de leitura" />
	<meta name="twitter:data1" content="1 minuto" />
<!-- / Yoast SEO Premium plugin. -->

Portas de abertura vertical que combinam funcionalidade, fiabilidade e economia de espaço. São a opção mais utilizada em garagens particulares. Na Eninter oferecemos soluções basculantes manuais e automatizadas, adaptadas a todo o tipo de necessidades.
