{"id":34125,"date":"2025-10-28T12:05:28","date_gmt":"2025-10-28T11:05:28","guid":{"rendered":"https:\/\/www.eninter.com\/producto\/portas-seccionais\/"},"modified":"2025-10-28T12:05:28","modified_gmt":"2025-10-28T11:05:28","slug":"portas-seccionais","status":"publish","type":"producto","link":"https:\/\/www.eninter.com\/pt-pt\/producto\/portas-seccionais\/","title":{"rendered":"Portas seccionais"},"content":{"rendered":"","protected":false},"excerpt":{"rendered":"<p>Portas seccionais com pain\u00e9is duplos e isolamento t\u00e9rmico, que permitem amplas op\u00e7\u00f5es de personaliza\u00e7\u00e3o est\u00e9tica. Fabricadas em a\u00e7o ou alum\u00ednio, combinam seguran\u00e7a, efici\u00eancia e estilo. <\/p>\n","protected":false},"featured_media":34121,"template":"","categories":[488],"categoria-productos":[487],"class_list":["post-34125","producto","type-producto","status-publish","has-post-thumbnail","hentry","category-portas-automaticas","categoria-productos-portas-automaticas"],"acf":[],"_yoast_wpseo_focuskw":null,"_yoast_wpseo_metadesc":null,"yoast_head":"<!-- This site is optimized with the Yoast SEO Premium plugin v21.6 (Yoast SEO v27.2) - https:\/\/yoast.com\/product\/yoast-seo-premium-wordpress\/ -->\n<title>Portas seccionais - ENINTER<\/title>\n<meta name=\"robots\" content=\"index, follow, max-snippet:-1, max-image-preview:large, max-video-preview:-1\" \/>\n<link rel=\"canonical\" href=\"https:\/\/www.eninter.com\/pt-pt\/producto\/portas-seccionais\/\" \/>\n<meta property=\"og:locale\" content=\"pt_PT\" \/>\n<meta property=\"og:type\" content=\"article\" \/>\n<meta property=\"og:title\" content=\"Portas seccionais\" \/>\n<meta property=\"og:description\" content=\"Portas seccionais com pain\u00e9is duplos e isolamento t\u00e9rmico, que permitem amplas op\u00e7\u00f5es de personaliza\u00e7\u00e3o est\u00e9tica. Fabricadas em a\u00e7o ou alum\u00ednio, combinam seguran\u00e7a, efici\u00eancia e estilo.\" \/>\n<meta property=\"og:url\" content=\"https:\/\/www.eninter.com\/pt-pt\/producto\/portas-seccionais\/\" \/>\n<meta property=\"og:site_name\" content=\"ENINTER\" \/>\n<meta property=\"article:publisher\" content=\"https:\/\/www.facebook.com\/EninterAscensores\" \/>\n<meta property=\"og:image\" content=\"https:\/\/www.eninter.com\/wp-content\/uploads\/2025\/10\/Seccional_PuertasGaraje.webp\" \/>\n\t<meta property=\"og:image:width\" content=\"1200\" \/>\n\t<meta property=\"og:image:height\" content=\"948\" \/>\n\t<meta property=\"og:image:type\" content=\"image\/webp\" \/>\n<meta name=\"twitter:card\" content=\"summary_large_image\" \/>\n<meta name=\"twitter:site\" content=\"@Eninter\" \/>\n<!-- \/ Yoast SEO Premium plugin. -->","yoast_head_json":{"title":"Portas seccionais - ENINTER","robots":{"index":"index","follow":"follow","max-snippet":"max-snippet:-1","max-image-preview":"max-image-preview:large","max-video-preview":"max-video-preview:-1"},"canonical":"https:\/\/www.eninter.com\/pt-pt\/producto\/portas-seccionais\/","og_locale":"pt_PT","og_type":"article","og_title":"Portas seccionais","og_description":"Portas seccionais com pain\u00e9is duplos e isolamento t\u00e9rmico, que permitem amplas op\u00e7\u00f5es de personaliza\u00e7\u00e3o est\u00e9tica. Fabricadas em a\u00e7o ou alum\u00ednio, combinam seguran\u00e7a, efici\u00eancia e estilo.","og_url":"https:\/\/www.eninter.com\/pt-pt\/producto\/portas-seccionais\/","og_site_name":"ENINTER","article_publisher":"https:\/\/www.facebook.com\/EninterAscensores","og_image":[{"width":1200,"height":948,"url":"https:\/\/www.eninter.com\/wp-content\/uploads\/2025\/10\/Seccional_PuertasGaraje.webp","type":"image\/webp"}],"twitter_card":"summary_large_image","twitter_site":"@Eninter","schema":{"@context":"https:\/\/schema.org","@graph":[{"@type":"WebPage","@id":"https:\/\/www.eninter.com\/pt-pt\/producto\/portas-seccionais\/","url":"https:\/\/www.eninter.com\/pt-pt\/producto\/portas-seccionais\/","name":"Portas seccionais - ENINTER","isPartOf":{"@id":"https:\/\/www.eninter.com\/pt-pt\/#website"},"primaryImageOfPage":{"@id":"https:\/\/www.eninter.com\/pt-pt\/producto\/portas-seccionais\/#primaryimage"},"image":{"@id":"https:\/\/www.eninter.com\/pt-pt\/producto\/portas-seccionais\/#primaryimage"},"thumbnailUrl":"https:\/\/www.eninter.com\/wp-content\/uploads\/2025\/10\/Seccional_PuertasGaraje.webp","datePublished":"2025-10-28T11:05:28+00:00","breadcrumb":{"@id":"https:\/\/www.eninter.com\/pt-pt\/producto\/portas-seccionais\/#breadcrumb"},"inLanguage":"pt-PT","potentialAction":[{"@type":"ReadAction","target":["https:\/\/www.eninter.com\/pt-pt\/producto\/portas-seccionais\/"]}]},{"@type":"ImageObject","inLanguage":"pt-PT","@id":"https:\/\/www.eninter.com\/pt-pt\/producto\/portas-seccionais\/#primaryimage","url":"https:\/\/www.eninter.com\/wp-content\/uploads\/2025\/10\/Seccional_PuertasGaraje.webp","contentUrl":"https:\/\/www.eninter.com\/wp-content\/uploads\/2025\/10\/Seccional_PuertasGaraje.webp","width":1200,"height":948},{"@type":"BreadcrumbList","@id":"https:\/\/www.eninter.com\/pt-pt\/producto\/portas-seccionais\/#breadcrumb","itemListElement":[{"@type":"ListItem","position":1,"name":"Portada","item":"https:\/\/www.eninter.com\/pt-pt\/"},{"@type":"ListItem","position":2,"name":"Portas seccionais"}]},{"@type":"WebSite","@id":"https:\/\/www.eninter.com\/pt-pt\/#website","url":"https:\/\/www.eninter.com\/pt-pt\/","name":"ENINTER","description":"Mantenimiento de Ascensores Multimarca","publisher":{"@id":"https:\/\/www.eninter.com\/pt-pt\/#organization"},"potentialAction":[{"@type":"SearchAction","target":{"@type":"EntryPoint","urlTemplate":"https:\/\/www.eninter.com\/pt-pt\/?s={search_term_string}"},"query-input":{"@type":"PropertyValueSpecification","valueRequired":true,"valueName":"search_term_string"}}],"inLanguage":"pt-PT"},{"@type":"Organization","@id":"https:\/\/www.eninter.com\/pt-pt\/#organization","name":"Eniter","url":"https:\/\/www.eninter.com\/pt-pt\/","logo":{"@type":"ImageObject","inLanguage":"pt-PT","@id":"https:\/\/www.eninter.com\/pt-pt\/#\/schema\/logo\/image\/","url":"https:\/\/www.eninter.com\/wp-content\/uploads\/2023\/08\/logo-eninter-png.png","contentUrl":"https:\/\/www.eninter.com\/wp-content\/uploads\/2023\/08\/logo-eninter-png.png","width":600,"height":340,"caption":"Eniter"},"image":{"@id":"https:\/\/www.eninter.com\/pt-pt\/#\/schema\/logo\/image\/"},"sameAs":["https:\/\/www.facebook.com\/EninterAscensores","https:\/\/x.com\/Eninter","https:\/\/www.instagram.com\/eninterascensores\/","https:\/\/www.youtube.com\/user\/ascensoreseninter"]}]}},"_links":{"self":[{"href":"https:\/\/www.eninter.com\/pt-pt\/wp-json\/wp\/v2\/producto\/34125","targetHints":{"allow":["GET"]}}],"collection":[{"href":"https:\/\/www.eninter.com\/pt-pt\/wp-json\/wp\/v2\/producto"}],"about":[{"href":"https:\/\/www.eninter.com\/pt-pt\/wp-json\/wp\/v2\/types\/producto"}],"wp:featuredmedia":[{"embeddable":true,"href":"https:\/\/www.eninter.com\/pt-pt\/wp-json\/wp\/v2\/media\/34121"}],"wp:attachment":[{"href":"https:\/\/www.eninter.com\/pt-pt\/wp-json\/wp\/v2\/media?parent=34125"}],"wp:term":[{"taxonomy":"category","embeddable":true,"href":"https:\/\/www.eninter.com\/pt-pt\/wp-json\/wp\/v2\/categories?post=34125"},{"taxonomy":"categoria-productos","embeddable":true,"href":"https:\/\/www.eninter.com\/pt-pt\/wp-json\/wp\/v2\/categoria-productos?post=34125"}],"curies":[{"name":"wp","href":"https:\/\/api.w.org\/{rel}","templated":true}]}}

<p>Portas seccionais com painéis duplos e isolamento térmico, que permitem amplas opções de personalização estética. Fabricadas em aço ou alumínio, combinam segurança, eficiência e estilo. </p>

<!-- This site is optimized with the Yoast SEO Premium plugin v21.6 (Yoast SEO v27.2) - https://yoast.com/product/yoast-seo-premium-wordpress/ -->
<title>Portas seccionais - ENINTER</title>
<meta name="robots" content="index, follow, max-snippet:-1, max-image-preview:large, max-video-preview:-1" />
<link rel="canonical" href="https://www.eninter.com/pt-pt/producto/portas-seccionais/" />
<meta property="og:locale" content="pt_PT" />
<meta property="og:type" content="article" />
<meta property="og:title" content="Portas seccionais" />
<meta property="og:description" content="Portas seccionais com painéis duplos e isolamento térmico, que permitem amplas opções de personalização estética. Fabricadas em aço ou alumínio, combinam segurança, eficiência e estilo." />
<meta property="og:url" content="https://www.eninter.com/pt-pt/producto/portas-seccionais/" />
<meta property="og:site_name" content="ENINTER" />
<meta property="article:publisher" content="https://www.facebook.com/EninterAscensores" />
<meta property="og:image" content="https://www.eninter.com/wp-content/uploads/2025/10/Seccional_PuertasGaraje.webp" />
	<meta property="og:image:width" content="1200" />
	<meta property="og:image:height" content="948" />
	<meta property="og:image:type" content="image/webp" />
<meta name="twitter:card" content="summary_large_image" />
<meta name="twitter:site" content="@Eninter" />
<!-- / Yoast SEO Premium plugin. -->

Portas seccionais com painéis duplos e isolamento térmico, que permitem amplas opções de personalização estética. Fabricadas em aço ou alumínio, combinam segurança, eficiência e estilo.
